q?
7
Let q be ((-231)/2)/((-1)/2). Suppose 5*c - q = 84. Suppose -5*b - x + 30 = 0, -4*b - 2*x - 1 = -19. Calculate the highest common divisor of b and c.
7
Let t = 65 + -40. Calculate the greatest common divisor of 275 and t.
25
Let m be 0 + -3 + 2 - -31. What is the greatest common factor of m and 45?
15
Let i be (-4)/(-22) + 210/55. Suppose -r + i = -0. What is the greatest common factor of r and 32?
4
Let t(r) = -r**2 - 2*r + 16. Let o be t(0). What is the highest common divisor of 24 and o?
8
Suppose 3*w - 40 = -w. Let p be 748/85*w/4. Let i be (-5)/(-1)*(10 + 1). Calculate the highest common divisor of p and i.
11
Suppose 4*d - 9 = 3*d. What is the highest common divisor of 81 and d?
9
Let u = 4 - -128. Let w = 294 - u. Suppose 0 = -h + 4*h - 54. Calculate the greatest common factor of w and h.
18
Suppose -3*y - 1 + 8 = 4*f, -y = -f - 7. Suppose -g + 133 = y*q - 23, -3*g - q + 510 = 0. Let b = 380 - g. What is the greatest common divisor of 19 and b?
19
Let h(b) = 2*b - 7. Let k be h(6). Let r = k + 2. Calculate the highest common factor of r and 56.
7
Let y(v) = -v**3 + 5*v**2 - 2*v - 4. Suppose -2*a = -5*a + 9. Let d be y(a). Calculate the greatest common divisor of d and 16.
8
Suppose 4*b - 2*w = 14 + 6, 3*b = w + 14. Suppose 10 = a + a. Suppose 4*q - 2*m - 128 = -q, a*m + 44 = q. Calculate the greatest common divisor of q and b.
4
Let w = -6 - -24. Calculate the greatest common factor of 198 and w.
18
Let r(v) = -v**3 - 28*v**2 + 30*v + 49. Let h be r(-29). Calculate the greatest common factor of h and 130.
10
Let i(g) = -g - 6. Let z be i(-9). Calculate the highest common factor of z and 9.
3
Let c = 17 + -14. Calculate the greatest common factor of 2 and c.
1
Suppose -4*b = -2*b - 6. Suppose -b*l + 2*l + 1 = 0. Calculate the greatest common divisor of 9 and l.
1
Suppose 0 = 4*s - 3*j - 618, 5*s + j - 778 = 2*j. Calculate the highest common factor of 12 and s.
12
Suppose -3*c + 472 = c. Suppose 0 = n - 4*o - c, 813 = 5*n - 4*o + 175. What is the greatest common divisor of 26 and n?
26
Let z be 1212 + (1 - 3) + 4. Suppose 2*i + 6*s = 3*s - 490, -2*s = 5*i + z. Let p = -162 - i. What is the greatest common factor of p and 8?
8
Suppose 0 = u + 48 + 36. Let l be u/(-10) + 2/(-5). What is the greatest common divisor of 8 and l?
8
Let p be (-4 - 1)*(-1)/1. Suppose -f = 13 - p. Let z = f + 13. Calculate the highest common factor of z and 1.
1
Let r be ((-12)/9)/(4/(-30)). Let d(h) = -3*h - h**3 + 6*h + r*h**2 + h + 2*h - 2. Let u be d(9). Calculate the greatest common divisor of u and 19.
19
Suppose 9 = -3*k + 57. What is the greatest common divisor of k and 40?
8
Suppose 0 = q - 0*q - 3. Let x(h) = 4*h**2 - 2*h + 2. Let d be x(q). Suppose -5 = 3*z - 17. What is the highest common divisor of d and z?
4
Suppose -2*u + u + 2*o = -12, 15 = -3*o. Suppose -y - 12 = -77. Suppose 5*n = 5 + y. What is the highest common divisor of n and u?
2
Let q(s) = s**3 - 13*s**2 + 13*s - 8. Let a be q(12). Suppose -3*h = 5*t - 27, a*h - t + 2 - 15 = 0. What is the highest common factor of 1 and h?
1
Let d = -20 - -26. Suppose -s + 284 = 5*n, 2*n + 4*s + 39 - 149 = 0. Let m = 105 - n. Calculate the highest common factor of m and d.
6
Let s = -108 + 261. What is the highest common factor of 17 and s?
17
Let c = -101 - -105. Calculate the greatest common factor of 44 and c.
4
Let n = -5 - -3. Let w be (-205)/(-10) - n/(-4). Calculate the greatest common divisor of 5 and w.
5
Suppose -25 - 15 = -5*l. Let y = -4 + l. What is the greatest common factor of 2 and y?
2
Let f = -3 + 39. What is the greatest common factor of 4 and f?
4
Suppose 2*b - 2 = -n + 5, b + 4*n + 14 = 0. Calculate the highest common factor of 4 and b.
2
Let y = -3 - 7. Let f be (-354)/(-15) - 4/y. Let g = -4 + 10. Calculate the highest common divisor of f and g.
6
Let c = 186 + -106. Let a be (0 + 6/9)*24. What is the greatest common divisor of c and a?
16
Let d(x) = 3*x**2 + x. Let z be d(-4). Let y = 91 + -25. What is the highest common divisor of y and z?
22
Let q(i) = 8*i - 6. Let u be q(4). Let l be u*(0 + 2 + 0). What is the greatest common factor of 13 and l?
13
Suppose v - 4*u = 6*v - 128, v + u - 25 = 0. Calculate the greatest common divisor of v and 56.
28
Suppose -2*n - 3*i = 17, 5*n = 2*i - 7*i - 30. Let x be (-5)/(-3 + 2) + n. Let r be (15/4)/(24/64). What is the highest common divisor of x and r?
2
Let m = 187 - 52. Let a(q) = q**2 + 5*q + 9. Let p be a(-6). What is the greatest common factor of m and p?
15
Suppose 0 = -2*j + 6*j - 504. What is the highest common divisor of 18 and j?
18
Suppose -y + 2*y = 5*c + 5, -3*c = 5*y + 31. Let l = y + 77. Suppose 14 = 4*h - 22. What is the greatest common factor of l and h?
9
Suppose -4*z - 5*y + 15 = 3, -12 = -4*z - 2*y. Let d be 60/z - (5 - 3). Calculate the greatest common factor of 9 and d.
9
Let o(t) = t**3 - 39*t**2 - 81*t - 39. Let h be o(41). Let n = 1 - 0. What is the greatest common divisor of h and n?
1
Let s be 12 - 0*2/(-4). Suppose 4*y - 5*h - 48 = 0, -2*y = 5*h - 2*h - 24. What is the highest common factor of y and s?
12
Suppose m - 3*z - 12 = 31, 2*m + 4*z - 36 = 0. What is the greatest common divisor of m and 4?
4
Let a(i) = 5*i - 18*i - i**2 + 16 - 17. Let k be a(-10). What is the greatest common factor of 87 and k?
29
Suppose -2*i = -3*i. Suppose k + 3*f - 57 = 4*f, i = -f - 1. What is the highest common divisor of k and 8?
8
Let u be (-24)/20*10/(-4). Suppose 2*z = r - 2 + u, -16 = r - 5*z. Calculate the highest common divisor of r and 45.
9
Let g = -26 + 83. Calculate the highest common factor of g and 3.
3
Let t(u) = 2*u**2 + 12*u + 12. Let c be ((-64)/(-10))/4*-5. Let d be t(c). Calculate the greatest common factor of 11 and d.
11
Let x(z) = -z**3 - 12*z**2 - 2*z + 3. Let r be x(-12). Calculate the greatest common divisor of 3 and r.
3
Let h be 2/(-3) - 222/(-9). Suppose -2*p = -55 - 17. Calculate the highest common factor of h and p.
12
Let m = -15 + 20. What is the highest common divisor of m and 15?
5
Let o be (-1)/3 - (-392)/6. Suppose 0 = -2*w + 3*w - o. What is the greatest common divisor of w and 13?
13
Let a = -6 + 26. Suppose -4*v - 4*y = -8*y - a, 4*y = 5*v - 29. Suppose 2*f - v = 11. Calculate the greatest common factor of 110 and f.
10
Let u = -42 - -94. Calculate the highest common factor of 13 and u.
13
Suppose -102 = 2*n - 4*n. Suppose 9 - 26 = -u. What is the greatest common factor of u and n?
17
Let d be 2*3/(-16) + 494/208. Calculate the highest common divisor of d and 9.
1
Let x = 0 - -2. Suppose -2*o + 5*d = 9, 2*o + x*o - d = 9. Calculate the highest common divisor of 12 and o.
3
Let n(z) = -z**3 - 6*z**2 - 5*z + 7. Let c be n(-5). What is the greatest common factor of 21 and c?
7
Suppose 0 = r + 1 - 4. Suppose -l + r*n = 1, 2*n + 8 + 10 = 3*l. What is the greatest common factor of l and 2?
2
Suppose 0*g - 2*c = -3*g + 62, g = -2*c + 18. What is the greatest common divisor of 10 and g?
10
Let g = 82 - 61. What is the highest common divisor of 35 and g?
7
Suppose -g - 2*l + 3 = 0, 2*g - 3 = -0*g - l. Let h be 16/g + 0/(-2). Calculate the greatest common factor of h and 144.
16
Let d be (-6*9)/(0 - 1). Let v(n) = -n**2 - 2*n + 1. Let g be v(-2). Let m be 6*(1 - g - -1). Calculate the greatest common divisor of m and d.
6
Suppose -2*y + 3*y - 3 = 0. Calculate the highest common factor of y and 3.
3
Let x = -36 - -176. What is the greatest common factor of 56 and x?
28
Let v = 25 - 5. Let y = 68 - v. Calculate the greatest common factor of y and 6.
6
Let k be -2 - (-1 - (1 - -2)). Suppose -u = 4*u - 20. Suppose 7*o + 4*q = u*o - 13, q = -2*o - k. Calculate the highest common divisor of o and 1.
1
Let m be 94/8 + (-21)/(-84). Calculate the greatest common factor of m and 12.
12
Let x be (4/14)/((-1)/(-7)). Suppose x*y + 5*i + 472 = -0*y, 2*i - 746 = 3*y. Let a be y/(-8) - 3/4. Calculate the greatest common divisor of a and 10.
10
Let i be ((-104)/39)/(1/(-6)). Calculate the greatest common factor of 80 and i.
16
Let p(y) = -2*y - 7. Let r be p(-10). Suppose -6*z = -4*z - 104. Calculate the highest common factor of r and z.
13
Suppose 140 - 764 = -4*o. Suppose -6 = l - 2, k - o = 4*l. Calculate the greatest common divisor of k and 20.
20
Let b be -1 + 3 - -3 - 3. Calculate the greatest common divis